mainder when 16188 is divided by 7.
4
Calculate the remainder when 513 is divided by 67.
44
What is the remainder when 13332 is divided by 442?
72
What is the remainder when 891 is divided by 120?
51
What is the remainder when 214886 is divided by 83?
82
Calculate the remainder when 1302 is divided by 326.
324
Calculate the remainder when 46757 is divided by 454.
449
What is the remainder when 16010 is divided by 143?
137
Calculate the remainder when 124757 is divided by 74.
67
Calculate the remainder when 10277 is divided by 62.
47
What is the remainder when 9372 is divided by 4646?
80
Calculate the remainder when 6576 is divided by 51.
48
Calculate the remainder when 30845 is divided by 12.
5
What is the remainder when 1110052 is divided by 19?
15
Calculate the remainder when 20456 is divided by 715.
436
Calculate the remainder when 1863 is divided by 598.
69
What is the remainder when 4537 is divided by 1132?
9
Calculate the remainder when 5884117 is divided by 20.
17
What is the remainder when 2681 is divided by 868?
77
What is the remainder when 1869174 is divided by 62?
60
Calculate the remainder when 5604783 is divided by 66.
63
Calculate the remainder when 510 is divided by 64.
62
What is the remainder when 3369 is divided by 29?
5
Calculate the remainder when 175957 is divided by 20.
17
Calculate the remainder when 4885 is divided by 1620.
25
Calculate the remainder when 4658 is divided by 150.
8
What is the remainder when 176997 is divided by 92?
81
What is the remainder when 59445 is divided by 132?
45
Calculate the remainder when 464938 is divided by 41.
39
What is the remainder when 1857 is divided by 617?
6
What is the remainder when 2909 is divided by 957?
38
What is the remainder when 502352 is divided by 31?
28
What is the remainder when 3377 is divided by 3370?
7
What is the remainder when 134481 is divided by 1306?
1269
What is the remainder when 1743 is divided by 194?
191
What is the remainder when 132884 is divided by 300?
284
What is the remainder when 564937 is divided by 41?
39
Calculate the remainder when 56119 is divided by 36.
31
What is the remainder when 78852 is divided by 15?
12
Calculate the remainder when 2897 is divided by 162.
143
Calculate the remainder when 13019 is divided by 432.
59
Calculate the remainder when 262 is divided by 179.
83
Calculate the remainder when 25499 is divided by 23.
15
Calculate the remainder when 44355 is divided by 634.
609
Calculate the remainder when 22845 is divided by 847.
823
What is the remainder when 6234 is divided by 3103?
28
What is the remainder when 5223 is divided by 65?
23
Calculate the remainder when 75600 is divided by 382.
346
Calculate the remainder when 1914 is divided by 644.
626
Calculate the remainder when 241502 is divided by 10500.
2
What is the remainder when 22729 is divided by 213?
151
Calculate the remainder when 88588 is divided by 31.
21
What is the remainder when 257 is divided by 223?
34
What is the remainder when 3030 is divided by 3020?
10
Calculate the remainder when 10586 is divided by 1128.
434
Calculate the remainder when 1222 is divided by 680.
542
Calculate the remainder when 56255 is divided by 530.
75
What is the remainder when 3269 is divided by 327?
326
Calculate the remainder when 99628 is divided by 24905.
8
What is the remainder when 866223 is divided by 2482?
5
What is the remainder when 35521 is divided by 602?
3
Calculate the remainder when 39866 is divided by 5694.
8
What is the remainder when 22508 is divided by 15?
8
What is the remainder when 69788 is divided by 173?
69
Calculate the remainder when 113946 is divided by 509.
439
Calculate the remainder when 8315 is divided by 189.
188
What is the remainder when 57501 is divided by 24?
21
Calculate the remainder when 201645 is divided by 25.
20
What is the remainder when 1408 is divided by 166?
80
What is the remainder when 4799 is divided by 1558?
125
What is the remainder when 153127 is divided by 245?
2
What is the remainder when 26239 is divided by 470?
389
What is the remainder when 10462 is divided by 211?
123
What is the remainder when 3519 is divided by 119?
68
Calculate the remainder when 35892 is divided by 204.
192
What is the remainder when 95640 is divided by 31877?
9
Calculate the remainder when 2242 is divided by 278.
18
What is the remainder when 102958 is divided by 330?
328
Calculate the remainder when 1465 is divided by 187.
156
Calculate the remainder when 36688 is divided by 166.
2
Calculate the remainder when 17401 is divided by 8597.
207
What is the remainder when 2849 is divided by 1270?
309
Calculate the remainder when 2338 is divided by 5.
3
Calculate the remainder when 8079 is divided by 117.
6
What is the remainder when 35771 is divided by 35770?
1
What is the remainder when 3742 is divided by 417?
406
What is the remainder when 109336 is divided by 662?
106
Calculate the remainder when 714409 is divided by 79376.
25
What is the remainder when 12717 is divided by 77?
12
Calculate the remainder when 149637 is divided by 24939.
3
What is the remainder when 49236 is divided by 16406?
18
What is the remainder when 14649 is divided by 16?
9
Calculate the remainder when 1465 is divided by 204.
37
Calculate the remainder when 43278 is divided by 481.
469
Calculate the remainder when 4929 is divided by 9.
6
Calculate the remainder when 19013 is divided by 1159.
469
What is the remainder when 23795 is divided by 4756?
15
Calculate the remainder when 23833 is divided by 74.
5
What is the remainder when 141524 is divided by 24?
20
Calculate the remainder when 28162 is divided by 55.
2
What is the remainder when 479784 is divided by 4658?
10
Calculate the remainder when 17909 is divided by 10.
9
Calculate the remainder when 166 is divided by 108.
58
Calculate the remainder when 264489 is divided by 54.
51
What is the remainder when 135151 is divided by 755?
6
What is the remainder when 9065 is divided by 656?
537
What is the remainder when 17234 is divided by 124?
122
What is the remainder when 479694 is divided by 8?
6
Calculate the remainder when 129201 is divided by 64591.
19
Calculate the remainder when 72034 is divided by 181.
177
What is the remainder when 146274 is divided by 225?
24
What is the remainder when 11953 is divided by 37?
2
Calculate the remainder when 9892 is divided by 1235.
12
What is the remainder when 368973 is divided by 16?
13
What is the remainder when 15953 is divided by 29?
3
Calculate the remainder when 4741 is divided by 17.
15
What is the remainder when 152421 is divided by 38100?
21
What is the remainder when 45656 is divided by 2527?
170
What is the remainder when 23746 is divided by 402?
28
Calculate the remainder when 23411 is divided by 1467.
1406
What is the remainder when 13069 is divided by 1272?
349
What is the remainder when 197953 is divided by 49488?
1
What is the remainder when 20699 is divided by 48?
11
Calculate the remainder when 208565 is divided by 927.
917
Calculate the remainder when 5814 is divided by 544.
374
Calculate the remainder when 16273 is divided by 75.
73
Calculate the remainder when 8333 is divided by 34.
3
Calculate the remainder when 592 is divided by 470.
122
What is the remainder when 8349 is divided by 14?
5
What is the remainder when 721 is divided by 106?
85
What is the remainder when 20215 is divided by 54?
19
Calculate the remainder when 136093 is divided by 34022.
5
What is the remainder when 2478 is divided by 201?
66
What is the remainder when 18049 is divided by 753?
730
What is the remainder when 9957 is divided by 63?
3
What is the remainder when 47372 is divided by 23681?
10
Calculate the remainder when 4542 is divided by 647.
13
Calculate the remainder when 11423 is divided by 90.
83
What is the remainder when 18259 is divided by 18259?
0
What is the remainder when 556214 is divided by 1015?
1009
Calculate the remainder when 81077 is divided by 13511.
11
Calculate the remainder when 88903 is divided by 6.
1
What is the remainder when 5099 is divided by 662?
465
What is the remainder when 23326 is divided by 77?
72
Calculate the remainder when 31043 is divided by 16.
3
What is the remainder when 6682370 is divided by 79?
76
Calculate the remainder when 4768 is divided by 2364.
40